 7582129 a multiple of 67?
False
Does 17 divide 424660?
True
Is 11 a factor of 3628020?
True
Does 25 divide 581812?
False
Is 56403 a multiple of 2?
False
Does 18 divide 4775?
False
Does 78 divide 311926?
False
Does 41 divide 8707707?
False
Does 92 divide 131496?
False
Is 9052590 a multiple of 30?
True
Is 74 a factor of 2350018?
True
Is 395 a factor of 769968?
False
Does 14 divide 1703822?
False
Is 896160 a multiple of 10?
True
Does 28 divide 9637236?
True
Does 193 divide 163152?
False
Is 307466 a multiple of 5?
False
Does 19 divide 57654?
False
Is 49227 a multiple of 37?
False
Is 4 a factor of 24460?
True
Is 788558 a multiple of 66?
False
Is 4 a factor of 4837?
False
Is 33 a factor of 71544?
True
Is 1066332 a multiple of 7?
False
Is 744 a factor of 4123248?
True
Does 14 divide 6222276?
False
Does 17 divide 244577?
False
Does 9 divide 885573?
True
Is 97682 a multiple of 124?
False
Is 1899058 a multiple of 62?
False
Is 363 a factor of 6802620?
True
Is 10 a factor of 18890?
True
Is 1536941 a multiple of 89?
True
Does 123 divide 519674?
False
Is 8 a factor of 1783656?
True
Is 730470 a multiple of 6?
True
Is 232 a factor of 6545989?
False
Is 63 a factor of 410949?
True
Does 4 divide 27080?
True
Is 83 a factor of 36686?
True
Is 722925 a multiple of 98?
False
Does 29 divide 790163?
True
Is 3 a factor of 29895?
True
Is 23827159 a multiple of 72?
False
Is 6 a factor of 1581760?
False
Is 359319 a multiple of 344?
False
Is 1003 a factor of 4729145?
True
Does 53 divide 860137?
True
Is 2833469 a multiple of 41?
True
Is 12 a factor of 308148?
True
Is 1296525 a multiple of 47?
False
Does 18 divide 586026?
True
Does 62 divide 1661579?
False
Is 120483 even?
False
Is 641398 a multiple of 14?
False
Is 7740 a multiple of 36?
True
Does 17 divide 61498?
False
Is 18 a factor of 359856?
True
Is 953496 a multiple of 102?
True
Does 31 divide 20422707?
True
Does 17 divide 259562?
False
Does 770 divide 2554090?
True
Is 290680 a multiple of 26?
True
Is 7 a factor of 11291364?
True
Is 495558 a multiple of 81?
True
Does 308 divide 17860027?
False
Is 486324 a multiple of 108?
True
Is 17 a factor of 31090?
False
Is 17 a factor of 119901?
True
Is 288 a factor of 303264?
True
Is 10 a factor of 153440?
True
Is 6160 a multiple of 14?
True
Is 361 a factor of 141054?
False
Does 36 divide 267429?
False
Is 10480 a multiple of 11?
False
Is 547565 a multiple of 108?
False
Is 546768 a multiple of 307?
False
Does 24 divide 663600?
True
Is 247453 a multiple of 388?
False
Is 12 a factor of 7952172?
True
Is 436 a factor of 929116?
True
Is 11748 a multiple of 16?
False
Does 322 divide 249932?
False
Is 346680 a multiple of 18?
True
Does 136 divide 2456296?
True
Is 41388 a multiple of 15?
False
Does 22 divide 108768?
True
Is 139936 a multiple of 32?
True
Is 22 a factor of 226182?
True
Is 168228 a multiple of 12?
True
Does 9 divide 176919?
False
Does 63 divide 324804?
False
Is 9362856 a multiple of 82?
False
Is 13768398 a multiple of 966?
True
Is 93 a factor of 6551571?
True
Does 9 divide 18376293?
False
Is 1014167 a multiple of 407?
False
Is 23892551 a multiple of 8?
False
Is 1152 a factor of 3080798?
False
Is 8725668 a multiple of 177?
False
Is 2 a factor of 43199?
False
Is 534 a factor of 524388?
True
Is 23 a factor of 2459916?
False
Is 939624 a multiple of 282?
True
Does 72 divide 1067400?
True
Is 106 a factor of 190586?
False
Is 72740 a multiple of 200?
False
Is 42852 a multiple of 157?
False
Is 9 a factor of 1616700?
False
Is 309 a factor of 3250062?
True
Is 48 a factor of 7974548?
False
Is 25993 a multiple of 20?
False
Is 101 a factor of 16907?
False
Does 457 divide 715772?
False
Is 5871543 a multiple of 143?
False
Is 170459 a multiple of 37?
True
Does 10 divide 30842?
False
Does 76 divide 318159?
False
Is 104 a factor of 159428?
False
Does 15 divide 4893696?
False
Is 48 a factor of 2160192?
True
Is 2877058 a multiple of 6?
False
Does 100 divide 101125?
False
Does 409 divide 770147?
True
Is 11 a factor of 820215?
True
Does 4 divide 2969584?
True
Does 322 divide 14076871?
False
Is 90 a factor of 1059840?
True
Is 56127 a multiple of 49?
False
Is 428431 a multiple of 3?
False
Is 3 a factor of 4173?
True
Is 2479446 a multiple of 138?
True
Is 188580 a multiple of 152?
False
Does 439 divide 539970?
True
Is 219409 a multiple of 38?
False
Is 2073390 a multiple of 330?
True
Is 17 a factor of 207271?
False
Is 8920849 a multiple of 103?
False
Is 1260253 a multiple of 748?
False
Does 801 divide 3342650?
False
Does 20 divide 3598998?
False
Does 64 divide 201777?
False
Does 112 divide 483056?
True
Does 85 divide 12495?
True
Is 377230 a multiple of 595?
True
Is 183 a factor of 210999?
True
Is 49648 a multiple of 116?
True
Is 44131 a multiple of 4?
False
Is 10762 a multiple of 8?
False
Does 4 divide 1476?
True
Is 19 a factor of 6091709?
False
Is 6973386 a multiple of 96?
False
Is 5 a factor of 3578931?
False
Does 51 divide 61902?
False
Is 418080 a multiple of 268?
True
Does 74 divide 308652?
False
Is 13 a factor of 833118?
True
Is 289 a factor of 135965?
False
Does 10 divide 5318?
False
Is 53 a factor of 561641?
True
Does 10 divide 14602982?
False
Is 2202833 a multiple of 10?
False
Does 29 divide 2670761?
False
Does 25 divide 50400?
True
Does 12 divide 4785160?
False
Is 365792 a multiple of 46?
True
Is 21 a factor of 46878?
False
Does 16 divide 96096?
True
Is 12 a factor of 317040?
True
Is 2753819 a multiple of 14?
False
Is 1234 a factor of 5068038?
True
Is 101 a factor of 203498?
False
Does 32 divide 4413062?
False
Is 13 a factor of 2300?
False
Does 48 divide 5238577?
False
Is 1669118 a multiple of 5?
False
Is 2033010 a multiple of 49?
True
Is 21 a factor of 133833?
True
Does 30 divide 349710?
True
Is 126 a factor of 141120?
True
Is 28 a factor of 57246?
False
Is 199 a factor of 1091714?
True
Is 86 a factor of 7760702?
False
Is 90 a factor of 11155370?
False
Is 32 a factor of 7182075?
False
Is 2 a factor of 1670803?
False
Is 5085596 a multiple of 7?
False
Is 255 a factor of 407259?
False
Is 29 a factor of 226040?
False
Is 45 a factor of 7145280?
True
Is 24436 a multiple of 3?
False
Is 659523 a multiple of 261?
False
Does 25 divide 324200?
True
Does 84 divide 6938720?
False
Is 8659112 a multiple of 32?
False
Is 11 a factor of 266499?
False
Is 17137700 a multiple of 425?
True
Does 1004 divide 4160106?
False
Does 58 divide 995976?
True
Is 21 a factor of 961968?
True
Is 44 a factor of 3000738?
False
Is 5168707 a multiple of 1607?
False
Does 109 divide 563421?
True
Is 451562 a multiple of 367?
False
Is 134 a factor of 161604?
True
Is 17653743 a multiple of 1310?
False
Is 460700 a multiple of 68?
True
Is 11063 even?
False
Is 16 a factor of 652608?
True
Does 14 divide 254117?
False
Does 39 divide 1227603?
True
Is 283 a factor of 210664?
False
Does 101 divide 865268?
False
Does 34 divide 15370244?
True
Does 327 divide 170132?
False
Is 171 a factor of 278867?
False
Does 161 divide 747632?
False
Is 59 a factor of 175181?
False
Is 1231 a factor of 2213979?
False
Is 7 a factor of 42230?
False
Is 342 a factor of 130155?
False
Is 7 a factor of 156839?
False
Does 14 divide 12044452?
True
Is 833111 a multiple of 14?
False
Is 243328 a multiple of 74?
False
Is 6471300 a multiple of 100?
True
Is 225174 a multiple of 6?
True
Is 91 a factor of 1345253?
True
Is 59 a factor of 120478?
True
Does 34 divide 240712?
False
Is 59 a factor of 133812?
True
Does 284 divide 3647907?
False
Does 59 divide 163607?
True
Does 463 divide 887509?
False
Is 631300 a multiple of 107?
True
Does 22 divide 965861?
False
Is 608905 a multiple of 55?
True
Does 7 divide 389574?
False
Is 135 a factor of 98415?
True
Is 15 a factor of 1044240?
True
Is 194941 a multiple of 290?
False
Is 321875 a multiple of 625?
True
Is 716 a factor of 5103847?
False
Is 102611 a multiple of 30?
False
Does 20 divide 2407900?
True
Is 2726953 a multiple of 76?
False
Is 887985 a multiple of 45?
True
Is 1027550 a multiple of 182?
False
Is 82606 a multiple of 3?
False
Is 2860 a multiple of 4?
True
Is 1204290 a multiple of 3?
True
Does 6 divide 689052?
True
Does 73 divide 167080?
False
Is 643 a factor of 409701?
False
Is 35 a factor of 596400?
True
Is 21 a factor of 11983?
False
Is 29 a factor of 635187?
True
Does 489 divide 2287979?
False
Is 13 a factor of 14573?
True
Is 7